r(d) = 2*d**3 - 336*d**2 - 4706*d + 10. What is r(181)?
10
Let i(g) = 15*g**2 + 2306*g - 613. What is i(-154)?
3
Let f(b) = -21*b - 161. Calculate f(16).
-497
Let v(j) = j**3 - 6*j**2 + 387*j - 753. Give v(2).
5
Let m(f) = -f**2 + 2356*f + 4719. What is m(-2)?
3
Let v(p) = p**3 + 4*p**2 - 3*p + 9. What is v(-8)?
-223
Let h(r) = r**3 + 291*r**2 + 1708*r - 601. Determine h(-285).
-31
Let j(l) = -l**3 - 6*l**2 - 12*l - 65. Calculate j(-6).
7
Let x(z) = z**2 + 4*z + 10. Determine x(0).
10
Let g(u) = -2*u**2 + 15*u - 16. Determine g(7).
-9
Let c(b) = -b**3 - 4*b**2 - 36*b - 110. Calculate c(-3).
-11
Let q(v) = v**3 + 89*v**2 + 95*v + 168. Calculate q(-88).
-448
Let z(h) = -h**3 - 5*h**2 + 50*h + 32. Calculate z(0).
32
Let u(o) = 2*o**2 - 100*o - 457. Give u(54).
-25
Let o(b) = b**3 + 10*b**2 - 1576*b - 11107. What is o(-7)?
72
Let d(k) = 3*k**3 - k**2 - 2*k - 2. Determine d(-1).
-4
Let s(c) = -4*c**2 + 13*c - 9. What is s(-6)?
-231
Let j(p) = p**3 + 21*p**2 - 36*p + 198. What is j(-23)?
-32
Let d(p) = 124*p + 12837. Determine d(-103).
65
Let b(x) = x**3 - 20*x**2 - 132*x + 14. Calculate b(25).
-161
Let y(j) = -3*j**3 + 77*j**2 - 55*j + 137. Determine y(25).
12
Let h(r) = -17300*r - 86506. Determine h(-5).
-6
Let k(s) = -s**3 - 57*s**2 - 44*s + 330. Give k(-56).
-342
Let v(s) = 110*s**2 + 1091*s - 1. Determine v(-10).
89
Let f(y) = 2*y**2 - 2235*y + 11154. Determine f(5).
29
Let p(c) = 2*c**3 + 108*c**2 + 138*c + 1711. Calculate p(-53).
15
Let z(n) = 2*n**3 - 8*n**2 - 15*n + 18. Give z(10).
1068
Let v(n) = 75*n + 755. Determine v(-10).
5
Let s(b) = -56*b - 1055. Determine s(-19).
9
Let p(r) = -r**2 - 59*r - 305. What is p(-54)?
-35
Let o(x) = -x**3 - 21*x**2 - 56*x - 19. Give o(-18).
17
Let r(w) = -4*w**2 + 288*w + 91. Calculate r(72).
91
Let w(a) = -11*a**3 + 2*a**2. Determine w(1).
-9
Let h(m) = 10*m**2 - 7*m - 2. Determine h(-1).
15
Let b(j) = -5*j**2 + 84*j - 193. Calculate b(15).
-58
Let u(z) = -z**3 - 2*z**2 + 50*z + 145. What is u(-3)?
4
Let w(y) = 2*y**3 - 198*y**2 + 1623*y - 28. Give w(9).
-1
Let x(w) = w**3 + 28*w**2 - 228*w + 591. Calculate x(-35).
-4
Let m(y) = -33*y**2 - 16*y + 39. What is m(4)?
-553
Let m(a) = a**3 + 7*a**2 - 59*a - 5. Determine m(-11).
160
Let m(t) = -t**2 - 88*t - 1787. Determine m(-55).
28
Let d(l) = -9*l - 280. Calculate d(-6).
-226
Let c(g) = 23*g**2 + 309*g + 1006. Calculate c(-8).
6
Let b(v) = 3*v**3 + 50*v**2 - 21*v - 73. Calculate b(-17).
-5
Let w(o) = -2*o**2 - 3*o + 18. Determine w(6).
-72
Let q(f) = -8*f**2 + 61*f + 11. What is q(8)?
-13
Let m(r) = 3*r - 127. Determine m(34).
-25
Let r(w) = w**3 + 54*w**2 + 242*w - 62. Calculate r(-49).
85
Let i(w) = -127*w + 1168. Calculate i(9).
25
Let d(f) = -f**3 + 73*f**2 - 31*f - 7885. Calculate d(71).
-4
Let o(z) = 47*z**3 - 4*z**2 + 8*z - 7. Determine o(1).
44
Let o(h) = h**3 + 7*h**2 - 12*h + 34. What is o(-7)?
118
Let l(u) = -3*u**3 - 10*u**2 - 23*u - 8. What is l(-3)?
52
Let p(x) = -x**3 + 14*x**2 + 72*x + 63. Calculate p(-4).
63
Let s(x) = 1081*x - 38921. What is s(36)?
-5
Let v(u) = u**3 + 35*u**2 - 48*u - 188. What is v(-36)?
244
Let l(o) = o**3 + 21*o**2 + 99*o - 6. Give l(-5).
-101
Let a(i) = i**3 + 7*i**2 + 8*i - 12. Calculate a(-5).
-2
Let u(p) = -p**2 + 510*p - 17495. Determine u(37).
6
Let i(r) = -r**3 - 95*r**2 - 1386*r + 39. Determine i(-77).
39
Let l(r) = -18*r**2 - 560*r - 51. Calculate l(-31).
11
Let r(v) = -3*v**3 + 64*v**2 + 113*v + 58. Calculate r(23).
12
Let w(u) = -u**3 + 54*u**2 - 319*u - 443. Determine w(47).
27
Let p(k) = -10*k**3 + 332*k**2 - 66*k - 6. Determine p(33).
-6
Let g(x) = 16*x - 101. Calculate g(8).
27
Let c(b) = -19*b**2 + 42*b + 2. What is c(3)?
-43
Let x(b) = -4*b**2 + 427*b - 2165. Calculate x(5).
-130
Let q(l) = 2*l**3 - 11*l**2 + 6*l - 6. Calculate q(5).
-1
Let i(p) = -160*p + 22708. What is i(142)?
-12
Let v(m) = 3*m**2 + 115*m + 47. Give v(-38).
9
Let a(t) = t**2 - 405*t + 3517. Determine a(9).
-47
Let c(x) = x**2 - 152*x + 864. Give c(6).
-12
Let i(t) = 10*t - 235. What is i(13)?
-105
Let a(k) = 116*k + 1643. Calculate a(-14).
19
Let a(m) = -3*m**2 - 56*m - 360. Give a(-13).
-139
Let m(u) = 31*u**2 - 5*u + 3. Determine m(-1).
39
Let o(l) = 310*l + 32232. Give o(-104).
-8
Let b(p) = -p**2 + 35*p - 89. Give b(28).
107
Let x(k) = 2*k**2 - 24*k - 542. Give x(-12).
34
Let v(x) = -1259*x + 6305. What is v(5)?
10
Let z(h) = 3*h**3 - 16*h**2 - 24*h + 125. Give z(6).
53
Let l(y) = -29*y + 2783. What is l(96)?
-1
Let x(i) = -73*i**3 - i**2 + i + 1. What is x(1)?
-72
Let c(j) = 3*j**3 - 3*j**2 - 10*j - 14. Determine c(-3).
-92
Let o(b) = b**3 + 42*b**2 + 217*b - 14. Calculate o(-6).
-20
Let r(j) = 45*j**2 + 22*j + 22. Determine r(-1).
45
Let o(k) = -k**2 - 9*k + 1. What is o(4)?
-51
Let y(s) = s**3 + 7*s**2 - 3270*s - 22884. Calculate y(-7).
6
Let o(u) = -u**2 - 35*u + 154. Determine o(-39).
-2
Let u(y) = -y**3 - 3*y**2 + 34*y - 4. What is u(4)?
20
Let n(q) = 2*q - 25. What is n(-6)?
-37
Let o(j) = 69*j**3 + 36*j**2 - 65*j + 5. Calculate o(2).
571
Let o(k) = -259*k + 3880. Calculate o(15).
-5
Let i(s) = -318*s**3 - 3*s**2 + 7*s - 4. Calculate i(1).
-318
Let d(n) = n**3 - 95*n**2 - n. Calculate d(0).
0
Let q(j) = -24578*j + 245778. Calculate q(10).
-2
Let h(z) = z**3 - 7*z**2 + 19*z - 244. Give h(9).
89
Let v(s) = -s**2 - 34*s - 260. Calculate v(-32).
-196
Let u(t) = -52*t - 3712. Calculate u(-72).
32
Let r(l) = -l**3 - 72*l**2 - 54*l + 1215. Calculate r(-71).
8
Let z(m) = 2*m**2 - 8*m - 91. What is z(9)?
-1
Let d(b) = -4*b**2 - 67*b + 135. Give d(2).
-15
Let a(k) = k**3 + 71*k**2 - k - 8. Give a(0).
-8
Let w(y) = 12*y**2 - 604*y + 3340. Give w(44).
-4
Let f(t) = 10*t + 13. Calculate f(0).
13
Let n(q) = -3*q**2 - 235*q + 411. Give n(-80).
11
Let l(p) = 2*p**3 + 10*p**2 - 15*p - 102. Calculate l(-5).
-27
Let o(u) = 2*u**3 + 11*u**2 - 4*u - 48. Give o(-6).
-60
Let p(u) = -6304*u + 182808. Calculate p(29).
-8
Let h(v) = -v**2 - 33*v + 430. Give h(10).
0
Let v(m) = 141*m + 1117. Calculate v(-8).
-11
Let q(s) = -22*s**3 - s**2 + 3*s + 3. Give q(-1).
21
Let o(v) = v**3 + 10*v**2 + 5*v + 2. Give o(-9).
38
Let u(z) = z**3 + 21*z**2 - 62*z - 36. Calculate u(3).
-6
Let m(t) = t**2 + 33*t - 130. Determine m(-38).
60
Let b(j) = 101*j + 3911. Calculate b(-38).
73
Let v(s) = -2*s**3 + 172*s**2 + 176*s - 175. Calculate v(87).
-1
Let z(m) = 5*m**2 - 17*m + 23. Determine z(2).
9
Let o(j) = -j**3 - 29*j**2 - 92*j + 9. Determine o(-27).
1035
Let v(d) = d**3 + 3*d**2 - 2*d - 323. Calculate v(0).
-323
Let f(s) = 67*s + 134. Determine f(-1).
67
Let r(s) = -s**2 - 369*s - 4277. Calculate r(-12).
7
Let q(j) = -9*j - 191. What is q(-19)?
-20
Let m(n) = 2*n**2 - 35*n + 136. Determine m(6).
-2
Let t(x) = x**3 + 20*x**2 - 33*x + 228. What is t(-22)?
-14
Let q(u) = u**3 + 30*u**2 + 123*u + 2724. Determine q(-29).
-2
Let z(o) = -10*o**2 + 13*o - 179. What is z(0)?
-179
Let s(h) = 30*h**3 - 4*h**2 - 20*h + 23. Calculate s(1).
29
Let g(k) = -180*k - 2004. Give g(-12).
156
Let s(l) = -l**2 + 433*l + 3525. Calculate s(-8).
-3
Let g(d) = 9*d + 1688. Calculate g(-188).
-4
Let s(i) = -i**2 - 2337*i - 7000. Determine s(-3).
2
Let p(f) = 203*f + 224. What is p(-1)?
21
Let y(t) = -16*t - 25. Give y(-4).
39
Let r(m) = -12*m**2 + 97*m + 320. Determine r(-3).
-79
Let f(g) = -g**2 - 26*g - 99. Determine f(-15).
66
Let y(a) = -40*a - 516. Calculate y(-12).
-36
Let q(u) = u**3 + 13*u**2 - 12*u - 26. Calculate q(-13).
130
Let j(u) = -2*u**2 + 105*u - 1086. Determine j(38).
16
Let v(d) = -d**3 - 15*d**2 - 8*d - 79. Give v(-15).
41
Let u(l) = 3*l**2 + 319*l + 259. Calculate u(-105).
-161
Let p(o) = 1929*o + 1893. Determine p(-1).
-36
Let b(o) = -o**2 + 5842*o + 140788. Give b(-24).
4
Let v(l) = l**3 + 47*l**2 + 34*l + 1604. Calculate v(-47).
6
Let v(m) = 12*m**3 + 2*m**2 - 8*m + 15. Give v(2).
103
Let q(k) = 12*k - 364. Calculate q(24).
-76
Let u(p) = -3*p**2 - 52*p - 266. Calculate u(-8).
-42
Let g(a) = -a**2 - 56*a - 900. Calculate g(-48).
-516
Let d(t) = -t**3 - 4*t**2 - t - 5. Give d(-3).
-11
Let a(y) = 61*y + 628. What is a(-10)?
18
Let s(b) = -b**2 + 473*b + 12454. Calculate s(-25).
4
Let k(p) = 243*p + 1938. Calculate k(-8).
-6
Let q(d) = -3*d**2 + 100*d + 3124. Calculate q(53).
-3
Let i(r) = -r**3 + 4*r**2 + 11*r + 2. What is i(7)?
-68
Let v(t) = -t**3 + 26*t**2 + 7*t